re the prime factors of 460407258?
2, 3, 127, 201403
What are the prime factors of 474974803?
109, 4357567
List the prime factors of 942744596.
2, 31, 7602779
What are the prime factors of 296656596?
2, 3, 17, 484733
What are the prime factors of 186710770?
2, 5, 521, 35837
List the prime factors of 2347363.
163, 14401
What are the prime factors of 140930693?
140930693
List the prime factors of 743081632.
2, 23221301
What are the prime factors of 7097450010?
2, 3, 5, 7, 33797381
List the prime factors of 1727758642.
2, 863879321
List the prime factors of 113373963.
3, 29, 434383
List the prime factors of 24214320.
2, 3, 5, 13, 199
List the prime factors of 264271406.
2, 7, 2696647
List the prime factors of 1310107105.
5, 262021421
List the prime factors of 64734630.
2, 3, 5, 2157821
What are the prime factors of 1855672930?
2, 5, 3613, 51361
What are the prime factors of 129502901?
11, 11772991
What are the prime factors of 2139357556?
2, 7, 76405627
List the prime factors of 1377266699.
19, 72487721
List the prime factors of 276638219.
11, 13, 383, 5051
List the prime factors of 1897058827.
5647, 335941
What are the prime factors of 86119027?
86119027
What are the prime factors of 5222828912?
2, 7, 31, 1504271
List the prime factors of 65555136.
2, 3, 59, 643
What are the prime factors of 42188493?
3, 19, 67, 11047
List the prime factors of 850006007.
157, 5414051
What are the prime factors of 111016767?
3, 61, 606649
List the prime factors of 3151430101.
139, 163, 367, 379
List the prime factors of 1413239549.
139, 10167191
What are the prime factors of 2501498117?
2501498117
List the prime factors of 1673515601.
373, 4486637
List the prime factors of 798999236.
2, 7, 28535687
List the prime factors of 102814015.
5, 20562803
What are the prime factors of 15615220?
2, 5, 157, 4973
What are the prime factors of 1332935887?
43, 30998509
List the prime factors of 1874338561.
401, 4674161
What are the prime factors of 5878035888?
2, 3, 122459081
List the prime factors of 180851643.
3, 7, 151, 6337
List the prime factors of 98066171.
7, 809, 17317
List the prime factors of 305852721.
3, 101950907
What are the prime factors of 61730937?
3, 29, 78839
What are the prime factors of 407908671?
3, 135969557
List the prime factors of 484602736.
2, 2011, 15061
What are the prime factors of 6038760783?
3, 11, 182992751
What are the prime factors of 3334391146?
2, 563, 2961271
What are the prime factors of 1772328353?
17, 104254609
What are the prime factors of 1034121738?
2, 3, 13, 13257971
List the prime factors of 49949012.
2, 12487253
What are the prime factors of 2134765746?
2, 3, 23, 74731
What are the prime factors of 1139928168?
2, 3, 47497007
What are the prime factors of 2509447978?
2, 1254723989
What are the prime factors of 711716970?
2, 3, 5, 23723899
What are the prime factors of 190423933?
7, 27203419
What are the prime factors of 4481528275?
5, 7, 1063, 24091
List the prime factors of 118626790.
2, 5, 11862679
List the prime factors of 130622709.
3, 7, 6220129
List the prime factors of 1049240215.
5, 229, 916367
What are the prime factors of 350259347?
17, 233, 88427
What are the prime factors of 186323227?
186323227
List the prime factors of 604559158.
2, 7, 6168971
What are the prime factors of 270969951?
3, 7, 853, 2161
What are the prime factors of 280252248?
2, 3, 1021, 11437
What are the prime factors of 51039331?
7, 1041619
List the prime factors of 56650997.
13, 335213
What are the prime factors of 1005250375?
5, 17, 27827
What are the prime factors of 161359785?
3, 5, 67, 109, 491
What are the prime factors of 1206871248?
2, 3, 11, 2285741
What are the prime factors of 36679102?
2, 18339551
What are the prime factors of 738605265?
3, 5, 277, 177763
What are the prime factors of 95783466?
2, 3, 15963911
What are the prime factors of 5488743152?
2, 613, 617, 907
What are the prime factors of 7156292?
2, 11, 13, 12511
What are the prime factors of 57405031?
2699, 21269
What are the prime factors of 1066519597?
11, 13, 7458179
What are the prime factors of 16782839?
79, 109, 1949
List the prime factors of 17925613.
167, 107339
What are the prime factors of 122676640?
2, 5, 71, 10799
What are the prime factors of 379103470?
2, 5, 317, 119591
List the prime factors of 16562784.
2, 3, 7, 503
What are the prime factors of 4811534035?
5, 7, 11, 71, 176021
What are the prime factors of 1135426634?
2, 17, 2131, 15671
List the prime factors of 1063318341.
3, 67, 5290141
What are the prime factors of 28243874?
2, 773, 18269
What are the prime factors of 913278241?
913278241
What are the prime factors of 63654299?
63654299
What are the prime factors of 567003161?
163, 1021, 3407
List the prime factors of 140620453.
140620453
List the prime factors of 453781571.
4211, 107761
What are the prime factors of 989038140?
2, 3, 5, 61, 270229
What are the prime factors of 50236001?
61, 823541
What are the prime factors of 37878633?
3, 13, 421, 769
What are the prime factors of 13391833?
7, 13, 147163
What are the prime factors of 1789588811?
29, 181, 340939
What are the prime factors of 39485330?
2, 5, 3948533
What are the prime factors of 90466435?
5, 17, 1064311
What are the prime factors of 242121029?
29, 89, 93809
List the prime factors of 2741452061.
223, 12293507
List the prime factors of 99195106.
2, 49597553
List the prime factors of 2390764638.
2, 3, 17, 647, 2131
What are the prime factors of 180863017?
17, 10639001
What are the prime factors of 14545545?
3, 5, 7, 19, 23, 317
List the prime factors of 3611360791.
3611360791
What are the prime factors of 1081686426?
2, 3, 12941, 13931
What are the prime factors of 6678296?
2, 834787
What are the prime factors of 4808808577?
311, 2287, 6761
What are the prime factors of 31585397?
463, 68219
List the prime factors of 517023718.
2, 37, 6986807
List the prime factors of 570595529.
7, 81513647
List the prime factors of 7917638414.
2, 7, 71, 569, 13999
List the prime factors of 4633216124.
2, 277, 4181603
What are the prime factors of 91121366?
2, 7, 277, 23497
List the prime factors of 202815917.
1039, 195203
What are the prime factors of 435600886?
2, 7, 4444907
What are the prime factors of 43383481?
43383481
What are the prime factors of 72268262?
2, 11, 3284921
What are the prime factors of 521100178?
2, 113, 2305753
What are the prime factors of 759526733?
7, 29, 431, 8681
What are the prime factors of 294436440?
2, 3, 5, 347, 2357
List the prime factors of 477992644.
2, 43, 139, 19993
What are the prime factors of 29094889?
421, 69109
What are the prime factors of 41049249?
3, 2129, 6427
List the prime factors of 137076853.
1307, 104879
List the prime factors of 1619090713.
409, 3958657
List the prime factors of 4456718638.
2, 2228359319
What are the prime factors of 113556407?
19, 5976653
What are the prime factors of 93626662?
2, 46813331
What are the prime factors of 69408050?
2, 5, 1388161
What are the prime factors of 1628640426?
2, 3, 7, 17, 134177
List the prime factors of 285412747.
285412747
What are the prime factors of 6538468461?
3, 7, 19, 862481
What are the prime factors of 3641081920?
2, 5, 7, 1625483
List the prime factors of 1553864.
2, 13, 67, 223
What are the prime factors of 2459709?
3, 7, 39043
List the prime factors of 150315462.
2, 3, 11, 17, 44657
What are the prime factors of 1959830652?
2, 3, 13, 17, 37, 19973
What are the prime factors of 49806178?
2, 23, 1082743
What are the prime factors of 31648834?
2, 7, 2260631
What are the prime factors of 280611548?
2, 7, 1187, 8443
List the prime factors of 11106459.
3, 7, 13, 71, 191
What are the prime factors of 691999059?
3, 17, 163, 83243
What are the prime factors of 2334696989?
17, 41, 3349637
List the prime factors of 217436637.
3, 11, 598999
What are the prime factors of 30359070?
2, 3, 5, 7, 16063
What are the prime factors of 12658149?
3, 7, 17, 53, 223
List the prime factors of 124181716.
2, 31045429
What are the prime factors of 378397748?
2, 23, 887, 4637
List the prime factors of 1221766485.
3, 5, 81451099
List the prime factors of 172616531.
172616531
What are the prime factors of 1427679783?
3, 151, 350179
List the prime factors of 3908033398.
2, 1409, 1386811
What are the prime factors of 2865267186?
2, 3,